ber?
False
Is 17863 composite?
False
Is 869203 a composite number?
False
Is 425105 prime?
False
Is 10519 composite?
True
Is 275051 prime?
False
Is 3227717 a composite number?
False
Is 51089 a composite number?
True
Is 56915 a composite number?
True
Is 7093 a composite number?
True
Is 50501 a composite number?
True
Is 291 a composite number?
True
Is 2503 composite?
False
Is 16033 composite?
False
Is 128599 prime?
True
Is 254557 a prime number?
True
Is 243289 a composite number?
True
Is 39659 a prime number?
True
Is 338495 prime?
False
Is 3847 a composite number?
False
Is 749185 a prime number?
False
Is 214289 prime?
False
Is 493469 a prime number?
False
Is 64481 composite?
True
Is 46573 a composite number?
False
Is 4622 prime?
False
Is 7507 composite?
False
Is 91733 composite?
False
Is 92111 prime?
True
Is 2939 a composite number?
False
Is 563 a prime number?
True
Is 27733 composite?
False
Is 631 composite?
False
Is 5839 composite?
False
Is 21763 a composite number?
True
Is 17647 a prime number?
False
Is 5237507 a prime number?
False
Is 8158 a composite number?
True
Is 148501 a composite number?
False
Is 6353 prime?
True
Is 109069 prime?
False
Is 215011 composite?
True
Is 55585 composite?
True
Is 74251 prime?
False
Is 17951 a composite number?
True
Is 1343 prime?
False
Is 3163 a prime number?
True
Is 223694 a prime number?
False
Is 1243 composite?
True
Is 22531 a composite number?
False
Is 193639 composite?
True
Is 6197 a prime number?
True
Is 43599 a composite number?
True
Is 2205283 prime?
True
Is 9461 composite?
False
Is 23809 prime?
False
Is 530323 a prime number?
False
Is 48301 a composite number?
True
Is 1261 composite?
True
Is 838193 prime?
True
Is 27509 a prime number?
True
Is 8939 a prime number?
False
Is 76226 a prime number?
False
Is 5091091 a composite number?
False
Is 4009 prime?
False
Is 12539 a prime number?
True
Is 167711 prime?
True
Is 7177 a composite number?
False
Is 61319 a composite number?
True
Is 9527 a composite number?
True
Is 460527 a composite number?
True
Is 12391 a prime number?
True
Is 19841 prime?
True
Is 1735 prime?
False
Is 245503 composite?
True
Is 9599 composite?
True
Is 31669 a prime number?
False
Is 34057 a composite number?
False
Is 165403 a composite number?
True
Is 901 a composite number?
True
Is 2640818 a composite number?
True
Is 21139 composite?
False
Is 701 prime?
True
Is 1588661 a composite number?
False
Is 392543 composite?
False
Is 10991 a composite number?
True
Is 331 a prime number?
True
Is 510437 prime?
False
Is 238759 composite?
False
Is 18617 composite?
False
Is 22439 composite?
True
Is 96463 a composite number?
True
Is 101863 prime?
True
Is 9181 a composite number?
False
Is 63911 composite?
True
Is 62533 prime?
True
Is 236947 a prime number?
True
Is 5333 a prime number?
True
Is 66763 a prime number?
True
Is 399677 a prime number?
True
Is 769553 composite?
False
Is 64867 prime?
False
Is 62941 a prime number?
False
Is 171223 a prime number?
False
Is 1637 prime?
True
Is 253703 prime?
True
Is 14461 prime?
True
Is 6209407 a composite number?
False
Is 118093 prime?
True
Is 277753 a composite number?
True
Is 20837 composite?
True
Is 53213 a composite number?
True
Is 305 prime?
False
Is 519161 a prime number?
True
Is 703 composite?
True
Is 271429 composite?
False
Is 13093 a composite number?
False
Is 3137 prime?
True
Is 10771 a composite number?
False
Is 27769 prime?
False
Is 13649 a prime number?
True
Is 1528529 composite?
False
Is 107971 composite?
False
Is 110093 a composite number?
True
Is 3019 a composite number?
False
Is 1113599 a composite number?
False
Is 63277 a prime number?
True
Is 6619 a composite number?
False
Is 143477 a composite number?
False
Is 751979 composite?
True
Is 4007 a prime number?
True
Is 64109 composite?
False
Is 1459 a prime number?
True
Is 499 prime?
True
Is 591863 composite?
False
Is 155054 composite?
True
Is 47933 a prime number?
True
Is 16237 a composite number?
True
Is 39473 a prime number?
False
Is 1257911 composite?
False
Is 30749 prime?
False
Is 3869 prime?
False
Is 22499 a prime number?
False
Is 7477 a prime number?
True
Is 719493 composite?
True
Is 11791 composite?
True
Is 33665 a prime number?
False
Is 9197 a prime number?
False
Is 74597 a composite number?
False
Is 916781 composite?
False
Is 330871 a composite number?
True
Is 14621 prime?
True
Is 1411 a composite number?
True
Is 131605 prime?
False
Is 14513 a prime number?
False
Is 14591 a prime number?
True
Is 563435 a prime number?
False
Is 62743 a prime number?
True
Is 22109 a composite number?
False
Is 10301 a prime number?
True
Is 102842 a composite number?
True
Is 14369 prime?
True
Is 121229 a composite number?
False
Is 903527 composite?
False
Is 1381769 prime?
True
Is 46993 prime?
True
Is 10743 prime?
False
Is 85471 composite?
True
Is 1399 a composite number?
False
Is 32897 a composite number?
True
Is 20429 composite?
True
Is 3967 prime?
True
Is 184901 a composite number?
False
Is 2968367 a prime number?
True
Is 11471 a composite number?
False
Is 18169 a prime number?
True
Is 68443 composite?
False
Is 197641 a prime number?
True
Is 39427 a composite number?
True
Is 8791 prime?
False
Is 12797 a prime number?
False
Is 1560187 a prime number?
True
Is 10379 a composite number?
True
Is 4621 composite?
False
Is 663821 a composite number?
False
Is 66167 composite?
True
Is 56517 prime?
False
Is 53177 a prime number?
False
Is 6865 composite?
True
Is 472367 prime?
False
Is 7483 a composite number?
True
Is 18517 composite?
False
Is 201673 composite?
False
Is 284963 prime?
False
Is 106579 a prime number?
False
Is 8609 a prime number?
True
Is 11015 composite?
True
Is 205589 a prime number?
True
Is 42095 a prime number?
False
Is 83438 a composite number?
True
Is 346169 composite?
False
Is 9257 composite?
False
Is 88843 composite?
False
Is 711859 composite?
False
Is 32603 composite?
False
Is 745 a composite number?
True
Is 3415 prime?
False
Is 21089 prime?
True
Is 50861 a composite number?
True
Is 787811 a composite number?
False
Is 202277 prime?
True
Is 35669 a prime number?
False
Is 3089 composite?
False
Is 182851 prime?
True
Is 68141 composite?
False
Is 41257 composite?
False
Is 17021 a composite number?
False
Is 1444603 composite?
True
Is 14963 composite?
True
Is 55259 prime?
True
Is 1614131 composite?
True
Is 18479 composite?
True
Is 782707 a prime number?
True
Is 5065 composite?
True
Is 659174 prime?
False
Is 562541 a prime number?
False
Is 829657 a prime number?
True
Is 34049 composite?
True
Is 23159 a prime number?
True
Is 72241 composite?
True
Is 26447 composite?
True
Is 1497031 composite?
False
Is 20567 composite?
True
Is 574477 composite?
False
Is 2933 prime?
False
Is 457043 composite?
False
Is 4283 composite?
False
Is 62709 prime?
False
Is 82591 a prime number?
True
Is 2063 prime?
True
Is 543131 composite?
False
Is 1550831 a composite number?
False
Is 3217 a composite number?
False
Is 127 a composite number?
False
Is 1115558 a composite number?
True
Is 108865 prime?
False
Is 15661 prime?
True
Is 6805 a composite number?
True
Is 28463 a composite number?
False
Is 208333 prime?
True
Is 2708941 composite?
False
Is 3061 composite?
False
Is 51227 a prime number?
False
Is 724459 prime?
True
Is 55229 prime?
True
Is 431083 prime?
True
Is 92551 prime?
True
Is 306991 a composite number?
False
Is 337 a composite number?
False
Is 1551959 prime?
True
Is 23321 a composite number?
False
Is 24487 prime?
False
Is 12451 prime?
True
Is 7253 prime?
True
Is 47051 a prime number?
True
Is 10151 prime?
True
Is 3623 composite?
False
Is 238499 a composite number?
False
Is 47053 prime?
False
Is 838813 composite?
False
Is 75121 composite?
True
Is 8311 a composite number?
False
Is 656423 a prime number?
True
Is 41309 a composite number?
True
Is 217717 a prime number?
True
Is 5147 composite?
False
Is 13253 a prime number?
False
Is 9967 prime?
True
Is 253417 a composite number?
False
Is 408845 a prime number?
False
Is 23227 prime?
True
Is 694249 prime?
False
Is 1759 a prime number?
True
Is 336821 a prime number?
False
Is 28643 a prime number?
True
Is 144839 a prime number?
True
Is 908041 a prime number?
True
Is 263309 prime?
False
Is 184781 prime?
False
Is 3401 a composite number?
True
Is 148979 a prime number?
False
Is 1603 a prim